
{"id":101,"date":"2014-07-09T01:24:33","date_gmt":"2014-07-09T00:24:33","guid":{"rendered":"http:\/\/www.piano-voix.com\/site\/?page_id=101"},"modified":"2025-09-02T15:32:00","modified_gmt":"2025-09-02T14:32:00","slug":"prestations","status":"publish","type":"page","link":"https:\/\/www.piano-voix.com\/site\/prestations\/","title":{"rendered":"PRESTATIONS PROPOSEES"},"content":{"rendered":"<h2><span class=\"s1\" style=\"color: #000000;\">ANIMATIONS PIANO-VOIX (quelques chansons \u00e0 la guitare)<\/span><\/h2>\n<p><strong><span style=\"color: #000000;\">R\u00e9pertoire de chanson et vari\u00e9t\u00e9 fran\u00e7aise des ann\u00e9es 60 aux ann\u00e9es 2000.<\/span><\/strong><\/p>\n<p><span style=\"color: #000000;\">Je chante en m&rsquo;accompagnant au piano et \u00e0 la guitare alternant musiques festives et grands classiques de la chanson \u00e0 texte, selon l&rsquo;ambiance du moment et les attentes du public.<\/span><\/p>\n<p><span style=\"color: #000000;\"><span style=\"text-decoration: underline; color: #000000;\"><em>Dur\u00e9e : 3h max (sets de 50 minutes avec des pauses de 10 minutes)<\/em><\/span><\/span><\/p>\n<p><span style=\"color: #000000;\"><strong>Conditions techniques:<\/strong><\/span><br \/>\n<span style=\"color: #000000;\">Je me d\u00e9place si n\u00e9cessaire avec ma sonorisation , mon \u00e9clairage, et un piano num\u00e9rique lorsque les locaux ne poss\u00e8dent pas le n\u00e9cessaire.<\/span><\/p>\n<p><span style=\"color: #000000;\"><a style=\"color: #000000;\" href=\"https:\/\/www.piano-voix.com\/site\/wp-content\/uploads\/2024\/10\/1-e1505159303777.jpg\"><img loading=\"lazy\" decoding=\"async\" class=\"aligncenter wp-image-1003 size-full\" src=\"https:\/\/www.piano-voix.com\/site\/wp-content\/uploads\/2024\/10\/1-e1505159303777.jpg\" alt=\"\" width=\"986\" height=\"647\" srcset=\"https:\/\/www.piano-voix.com\/site\/wp-content\/uploads\/2024\/10\/1-e1505159303777.jpg 986w, https:\/\/www.piano-voix.com\/site\/wp-content\/uploads\/2024\/10\/1-e1505159303777-600x394.jpg 600w, https:\/\/www.piano-voix.com\/site\/wp-content\/uploads\/2024\/10\/1-e1505159303777-625x410.jpg 625w, https:\/\/www.piano-voix.com\/site\/wp-content\/uploads\/2024\/10\/1-e1505159303777-768x504.jpg 768w, https:\/\/www.piano-voix.com\/site\/wp-content\/uploads\/2024\/10\/1-e1505159303777-570x374.jpg 570w\" sizes=\"(max-width: 986px) 100vw, 986px\" \/><\/a><\/span><\/p>\n<hr \/>\n<h2><span style=\"color: #000000;\">VOYAGE AU COEUR DE LA CHANSON FRAN\u00c7AISE<\/span><\/h2>\n<p><span style=\"color: #000000;\">Hommage aux grands de la chanson Fran\u00e7aise dans un nouveau spectacle o\u00f9 j&rsquo;explore le r\u00e9pertoire des <strong>ann\u00e9es 80-90 (Souchon, Cabrel, Gainsbourg, Nougaro, Renaud, etc&#8230;)<\/strong> sans oublier quelques classiques des ann\u00e9es <strong>50-70 (Brel, Brassens, Barbara, Bourvil, Jo Dassin)<\/strong>.<\/span><\/p>\n<p><span style=\"color: #000000;\">Je m&rsquo;accompagne au <strong>piano et \u00e0 la guitare<\/strong>, et ce set peut \u00e9galement \u00eatre pr\u00e9sent\u00e9 en duo accompagn\u00e9e de S\u00e9verin Vali\u00e8re. (percussions, guitare, basse).<\/span><\/p>\n<p><strong><a href=\"https:\/\/www.piano-voix.com\/site\/wp-content\/uploads\/2024\/10\/photo-ockeghem.jpg\"><img loading=\"lazy\" decoding=\"async\" class=\"aligncenter wp-image-1002 size-full\" src=\"https:\/\/www.piano-voix.com\/site\/wp-content\/uploads\/2024\/10\/photo-ockeghem.jpg\" alt=\"\" width=\"660\" height=\"440\" srcset=\"https:\/\/www.piano-voix.com\/site\/wp-content\/uploads\/2024\/10\/photo-ockeghem.jpg 660w, https:\/\/www.piano-voix.com\/site\/wp-content\/uploads\/2024\/10\/photo-ockeghem-600x400.jpg 600w, https:\/\/www.piano-voix.com\/site\/wp-content\/uploads\/2024\/10\/photo-ockeghem-625x417.jpg 625w, https:\/\/www.piano-voix.com\/site\/wp-content\/uploads\/2024\/10\/photo-ockeghem-570x380.jpg 570w\" sizes=\"(max-width: 660px) 100vw, 660px\" \/><\/a><\/strong><\/p>\n<p><span style=\"color: #000000;\"><strong>REPERTOIRE:<\/strong><\/span><br \/>\n<span style=\"color: #000000;\">La corrida (Francis Cabrel)<\/span><br \/>\n<span style=\"color: #000000;\">Sous les juppes des filles (Alain Souchon)<\/span><br \/>\n<span style=\"color: #000000;\">En cloque (Renaud)<\/span><br \/>\n<span style=\"color: #000000;\">La mauvaise r\u00e9putation (George Brassens)<\/span><br \/>\n<span style=\"color: #000000;\">J&rsquo;ai 10 ans (Alain Souchon)<\/span><br \/>\n<span style=\"color: #000000;\">Les petits papiers (Serge Gainsbourg)<\/span><br \/>\n<span style=\"color: #000000;\">Bidonville (Claude Nougaro)<\/span><br \/>\n<span style=\"color: #000000;\">Le Sud (Nino Ferrer)<\/span><br \/>\n<span style=\"color: #000000;\">Chanson sur ma dr\u00f4le de vie (V\u00e9ronique Sanson)<\/span><br \/>\n<span style=\"color: #000000;\">La bombe humaine (T\u00e9l\u00e9phone)<\/span><br \/>\n<span style=\"color: #000000;\">La tendresse (Bourvil)<\/span><br \/>\n<span style=\"color: #000000;\">Petite Marie (Francis Cabrel)<\/span><br \/>\n<span style=\"color: #000000;\">Foule sentimentale (Alain Souchon)<\/span><br \/>\n<span style=\"color: #000000;\">Chante la vie chante (Michel Fugain)<\/span><br \/>\n<span style=\"color: #000000;\">Champs Elys\u00e9e (Jo Dassin)<\/span><br \/>\n<span style=\"color: #000000;\">L&rsquo;Am\u00e9rique (Jo Dassin)<\/span><br \/>\n<span style=\"color: #000000;\">Gottingen (Barbara)<\/span><br \/>\n<span style=\"color: #000000;\">Alors Regarde (Patrick Bruel)<\/span><br \/>\n<span style=\"color: #000000;\">Requiem pour un con (Serge Gainsbourg)<\/span><br \/>\n<span style=\"color: #000000;\">Ballade nord Irlandaise (Renaud)<\/span><br \/>\n<span style=\"color: #000000;\">San Francisco (Maxime Leforestier)<\/span><br \/>\n<span style=\"color: #000000;\">Amsterdam (Jacques Brel)<\/span><\/p>\n<p><span style=\"text-decoration: underline; color: #000000;\"><em>Dur\u00e9e\u00a0: 1h15 \u2013 1h30<\/em><\/span><\/p>\n<p><span style=\"color: #000000;\"><strong>Conditions techniques:<\/strong><\/span><br \/>\n<span style=\"color: #000000;\">Je me d\u00e9place si n\u00e9cessaire avec ma sonorisation , mon \u00e9clairage, et un piano num\u00e9rique lorsque les locaux ne poss\u00e8dent pas le n\u00e9cessaire.<\/span><\/p>\n<hr \/>\n<h2 class=\"p12\"><span class=\"s2\" style=\"color: #000000;\">DUO POP ROCK<\/span><\/h2>\n<p class=\"p13\"><span class=\"s2\" style=\"color: #000000;\">Duo pop piano guitare percussions, reprises de standards des ann\u00e9es 70 aux ann\u00e9es 90 (Nougaro, T\u00e9l\u00e9phone, Noir D\u00e9sir, etc\u2026)<\/span><\/p>\n<p><span style=\"text-decoration: underline; color: #000000;\"><em>Dur\u00e9e : 1h15 &#8211; 1h30<\/em><\/span><\/p>\n<p><span style=\"color: #000000;\"><strong>Conditions techniques:<\/strong><\/span><br \/>\n<span style=\"color: #000000;\">Nous nous d\u00e9pla\u00e7ons si n\u00e9cessaire avec notre sonorisation\u00a0 et un piano num\u00e9rique lorsque les locaux ne poss\u00e8dent pas le n\u00e9cessaire.<\/span><\/p>\n<p><iframe loading=\"lazy\" title=\"Duo vari\u00e9t\u00e9 fran\u00e7aise\" width=\"500\" height=\"281\" src=\"https:\/\/www.youtube.com\/embed\/TXCLeYH7IVI?feature=oembed\" frameborder=\"0\" allow=\"accelerometer; autoplay; clipboard-write; encrypted-media; gyroscope; picture-in-picture; web-share\" referrerpolicy=\"strict-origin-when-cross-origin\" allowfullscreen><\/iframe><\/p>\n<hr \/>\n<h2><span class=\"s1\" style=\"color: #000000;\">SPECTACLE EXILS<\/span><\/h2>\n<p><span style=\"color: #000000;\"><a style=\"color: #000000;\" href=\"https:\/\/www.piano-voix.com\/site\/wp-content\/uploads\/2024\/10\/exils-affiche.jpg\"><img loading=\"lazy\" decoding=\"async\" class=\"wp-image-1004  alignright\" src=\"https:\/\/www.piano-voix.com\/site\/wp-content\/uploads\/2024\/10\/exils-affiche.jpg\" alt=\"\" width=\"474\" height=\"661\" srcset=\"https:\/\/www.piano-voix.com\/site\/wp-content\/uploads\/2024\/10\/exils-affiche.jpg 1287w, https:\/\/www.piano-voix.com\/site\/wp-content\/uploads\/2024\/10\/exils-affiche-287x400.jpg 287w, https:\/\/www.piano-voix.com\/site\/wp-content\/uploads\/2024\/10\/exils-affiche-625x872.jpg 625w, https:\/\/www.piano-voix.com\/site\/wp-content\/uploads\/2024\/10\/exils-affiche-768x1071.jpg 768w, https:\/\/www.piano-voix.com\/site\/wp-content\/uploads\/2024\/10\/exils-affiche-1101x1536.jpg 1101w, https:\/\/www.piano-voix.com\/site\/wp-content\/uploads\/2024\/10\/exils-affiche-574x800.jpg 574w\" sizes=\"(max-width: 474px) 100vw, 474px\" \/><\/a><\/span><\/p>\n<p><span style=\"color: #000000;\">Partir. Quitter son pays. Tout quitter. Que ce soit pour fuir les guerres, la pauvret\u00e9, les \u00e9pid\u00e9mies, les catastrophes climatiques, un seul et m\u00eame souffle: l\u2019Espoir.<\/span><\/p>\n<p><span style=\"color: #000000;\">C\u2019est l\u2019histoire de millions d\u2019hommes et de femmes d\u2019aujourd\u2019hui, d\u2019hier, de demain. Africains, Asiatiques, Europ\u00e9ens, Latino-am\u00e9ricains, Eurasiens. Cet exil qui depuis la nuit des temps a et a eu toutes les couleurs et toutes les cultures.<\/span><\/p>\n<p><span style=\"color: #000000;\">Dans ce spectacle, nous nous joignons au voyage de ces hommes et femmes, au coeur de leur humanit\u00e9 et de la singularit\u00e9 de leurs parcours, \u00e0 travers 16 chansons \u00e9clectiques: Babx, Maissiat, Jeanne Cherhal, Cali, mais aussi Alain Souchon, Pierre Perret, Michel Berger, Maxime Leforestier ainsi que plusieurs compositions originales.<\/span><br \/>\n<span style=\"color: #000000;\">Toutes ces chansons ont \u00e9t\u00e9 r\u00e9arrang\u00e9es par S\u00e9verin Vali\u00e8re au oud, au bouzouki, au quatro et \u00e0 la basse acoustique, Dominique Chanteloup au Darbouka, Cajon, et percussions du monde, et Carine Achard au chant, au piano et au m\u00e9talophone.<\/span><\/p>\n<p><span style=\"color: #000000;\"><em>Concerts sonoris\u00e9s en salle ou Unplugged hors les murs (lieux atypiques en petit comit\u00e9: jardins, courettes, granges, etc\u2026)<\/em><\/span><\/p>\n<p><span style=\"color: #000000;\"><strong>Plus d&rsquo;infos ici:\u00a0<\/strong><a style=\"color: #000000;\" href=\"http:\/\/www.carine-achard.com\/exils\" target=\"_blank\" rel=\"noopener\">http:\/\/www.carine-achard.com\/exils<\/a><\/span><\/p>\n<p><span style=\"color: #000000;\"><span style=\"text-decoration: underline; color: #000000;\"><em>Dur\u00e9e : 1h15<\/em><\/span><\/span><\/p>\n<p><span style=\"color: #000000;\"><strong>Conditions techniques:<\/strong><\/span><br \/>\n<span style=\"color: #000000;\">Nous nous d\u00e9pla\u00e7ons si n\u00e9cessaire avec notre sonorisation\u00a0 et un piano num\u00e9rique lorsque les locaux ne poss\u00e8dent pas le n\u00e9cessaire.<\/span><\/p>\n<h2><\/h2>\n<hr \/>\n<h2 class=\"p3\"><span class=\"s2\" style=\"color: #000000;\">LA BOITE \u00c0 REVES (chansons ann\u00e9es 60-70)<\/span><\/h2>\n<p class=\"p4\"><span class=\"s2\" style=\"color: #000000;\">\u00ab\u00a0LA BO\u00ceTE \u00c0 R\u00caVES\u00a0\u00bb EST UN SPECTACLE MUSICAL QUI NOUS RAMENE \u00c0 LA DOUCEUR ET AU GRAIN DE FOLIE DES ANNEES 60-70 \u00c0 TRAVERS LES PLUS BELLES CHANSONS DE CETTE EPOQUE.<\/span><\/p>\n<p class=\"p2\"><span class=\"s2\" style=\"color: #000000;\"><b>\u00ab\u00a0La bo\u00eete \u00e0 r\u00eaves nous emm\u00e8nera alors dans un grand voyage au coeur de nos imaginaires, un p\u00e9riple haut en couleurs et en souvenirs, \u00e0 travers le monde entier, \u00e0 travers les \u00e2ges et les \u00e9poques.\u00a0\u00bb<\/b><\/span><\/p>\n<p class=\"p2\"><span class=\"s2\" style=\"color: #000000;\">Mais attention: seuls ceux qui ont su garder leur coeur d\u2019enfant et leurs r\u00eaves de jeunesse pourront l\u2019appr\u00e9cier \u00e0 sa juste valeur\u2026<\/span><\/p>\n<p class=\"p2\"><span class=\"s4\" style=\"color: #000000;\"><i>Spectacle costum\u00e9, d\u00e9cor, piano guitare voix.<\/i><\/span><\/p>\n<p><span style=\"text-decoration: underline; color: #000000;\"><em><span class=\"s4\">Dur\u00e9e: de 1h \u00e0 1h30.<\/span><\/em><\/span><\/p>\n<p><span style=\"color: #000000;\"><strong>Conditions techniques:<\/strong><\/span><br \/>\n<span style=\"color: #000000;\">Je me d\u00e9place si n\u00e9cessaire avec ma sonorisation , mon \u00e9clairage, et un piano num\u00e9rique lorsque les locaux ne poss\u00e8dent pas le n\u00e9cessaire.<\/span><\/p>\n<p><span style=\"color: #000000;\"><a style=\"color: #000000;\" href=\"https:\/\/www.piano-voix.com\/site\/wp-content\/uploads\/2024\/10\/titre-boite4-1.jpg\"><img loading=\"lazy\" decoding=\"async\" class=\"aligncenter wp-image-1005 size-full\" src=\"https:\/\/www.piano-voix.com\/site\/wp-content\/uploads\/2024\/10\/titre-boite4-1.jpg\" alt=\"\" width=\"1181\" height=\"540\" srcset=\"https:\/\/www.piano-voix.com\/site\/wp-content\/uploads\/2024\/10\/titre-boite4-1.jpg 1181w, https:\/\/www.piano-voix.com\/site\/wp-content\/uploads\/2024\/10\/titre-boite4-1-600x274.jpg 600w, https:\/\/www.piano-voix.com\/site\/wp-content\/uploads\/2024\/10\/titre-boite4-1-625x286.jpg 625w, https:\/\/www.piano-voix.com\/site\/wp-content\/uploads\/2024\/10\/titre-boite4-1-768x351.jpg 768w, https:\/\/www.piano-voix.com\/site\/wp-content\/uploads\/2024\/10\/titre-boite4-1-570x261.jpg 570w\" sizes=\"(max-width: 1181px) 100vw, 1181px\" \/><\/a><\/span><\/p>\n<h2><\/h2>\n<h2><\/h2>\n<h2><\/h2>\n<hr \/>\n<h2 class=\"p2\"><span class=\"s2\" style=\"color: #000000;\">SPECTACLE CHANSONS D ANTAN<\/span><\/h2>\n<table cellspacing=\"0\" cellpadding=\"0\">\n<tbody>\n<tr>\n<td class=\"td1\" valign=\"middle\">\n<p class=\"p7\"><span class=\"s2\" style=\"color: #000000;\"><b>R\u00e9pertoire Fran\u00e7ais des ann\u00e9es 30 aux ann\u00e9es 60 (Frehel, Damia, Piaf, etc\u2026), piano guitare accord\u00e9on.<\/b><\/span><\/p>\n<p class=\"p7\"><span class=\"s2\" style=\"color: #000000;\">Au cours de ce spectacle, j&#8217;emm\u00e8nerai le public \u00e0 la rencontre de Julot, et Nana, du d\u00e9nicheur, de Marinella, (spectacle costum\u00e9).<\/span><\/p>\n<p class=\"p7\"><span class=\"s2\" style=\"color: #000000;\">Nous voyagerons \u00e0 travers \u00e0 travers les \u00e2ges, jusqu\u2019en 1980 ou finit notre histoire\u2026<\/span><\/p>\n<p class=\"p7\"><span class=\"s2\" style=\"color: #000000;\">Les spectateurs pourront ainsi reprendre avec moi ces refrains d\u2019antan tout en se laissant porter d\u2019un lieu \u00e0 l \u2018autre (du petit village campagnard de Saint-Jean au Paris d\u2019Hoffmann, de la Polyn\u00e9sie Fran\u00e7aise \u00e0 l&rsquo;Italie, etc\u2026)<\/span><\/p>\n<p class=\"p7\"><span style=\"color: #000000;\"><em><span style=\"text-decoration: underline;\"><span class=\"s4\">Dur\u00e9e: de 1h \u00e0 1h30.<\/span><\/span><\/em><\/span><\/p>\n<p><span style=\"color: #000000;\"><strong>Conditions techniques:<\/strong><\/span><br \/>\n<span style=\"color: #000000;\">Je me d\u00e9place si n\u00e9cessaire avec ma sonorisation , mon \u00e9clairage, et un piano num\u00e9rique lorsque les locaux ne poss\u00e8dent pas le n\u00e9cessaire.<\/span><\/td>\n<\/tr>\n<\/tbody>\n<\/table>\n<h2 class=\"p8\"><span class=\"s2\" style=\"color: #000000;\"><a style=\"color: #000000;\" href=\"https:\/\/www.piano-voix.com\/site\/wp-content\/uploads\/2024\/10\/photo1site.jpg\"><img loading=\"lazy\" decoding=\"async\" class=\"aligncenter wp-image-1006 \" src=\"https:\/\/www.piano-voix.com\/site\/wp-content\/uploads\/2024\/10\/photo1site.jpg\" alt=\"\" width=\"599\" height=\"418\" srcset=\"https:\/\/www.piano-voix.com\/site\/wp-content\/uploads\/2024\/10\/photo1site.jpg 886w, https:\/\/www.piano-voix.com\/site\/wp-content\/uploads\/2024\/10\/photo1site-573x400.jpg 573w, https:\/\/www.piano-voix.com\/site\/wp-content\/uploads\/2024\/10\/photo1site-625x436.jpg 625w, https:\/\/www.piano-voix.com\/site\/wp-content\/uploads\/2024\/10\/photo1site-768x536.jpg 768w, https:\/\/www.piano-voix.com\/site\/wp-content\/uploads\/2024\/10\/photo1site-570x398.jpg 570w\" sizes=\"(max-width: 599px) 100vw, 599px\" \/><\/a><\/span><\/h2>\n<h2 class=\"p8\"><span class=\"s2\" style=\"color: #000000;\">\u00a0<\/span><\/h2>\n<hr \/>\n<h2 class=\"p8\"><span class=\"s2\" style=\"color: #000000;\">REPAS EN CHANSON<\/span><\/h2>\n<p class=\"p9\"><span class=\"s2\" style=\"color: #000000;\">Animation musicale de vos repas festifs, pr\u00e9sent\u00e9e sous forme de sets de 3\/4 d&rsquo;heure, r\u00e9partis sur toute la dur\u00e9e du repas en fonction de l&rsquo;arriv\u00e9e des plats.<\/span><\/p>\n<p><span style=\"color: #000000;\"><strong><em><span style=\"text-decoration: underline;\"><span class=\"s4\">Dur\u00e9e: de 3h max r\u00e9parties sur la dur\u00e9e du repas.<\/span><\/span><\/em><\/strong><\/span><\/p>\n<p><span style=\"color: #000000;\"><strong>Conditions techniques:<\/strong><\/span><br \/>\n<span style=\"color: #000000;\">Je me d\u00e9place si n\u00e9cessaire avec ma sonorisation , mon \u00e9clairage, et un piano num\u00e9rique lorsque les locaux ne poss\u00e8dent pas le n\u00e9cessaire.<\/span><\/p>\n<hr \/>\n<h2 class=\"p12\"><span class=\"s2\" style=\"color: #000000;\">SPECTACLES A THEME<\/span><\/h2>\n<p class=\"p14\"><span class=\"s4\" style=\"color: #000000;\">SPECTACLES ECRITS ET MIS EN SCENE EN FONCTION DES DEMANDES DES ORGANISATEURS.<\/span><\/p>\n<table class=\"t1\" cellspacing=\"0\" cellpadding=\"0\">\n<tbody>\n<tr>\n<td class=\"td2\" valign=\"middle\">\n<p class=\"p15\"><span class=\"s4\" style=\"color: #000000;\">Vus en r\u00e9gion centre :<\/span><\/p>\n<p class=\"p2\"><span class=\"s2\" style=\"color: #000000;\"><b>D\u2019un continent \u00e0 l\u2019autre<\/b><br \/>\nR\u00e9cital sur le th\u00e8me du m\u00e9lange des cultures et du d\u00e9racinement.<br \/>\nJ\u2019aborderai le sujet de l\u2019exode et du d\u00e9part, l\u2019espoir d\u2019une vie meilleure qui pousse les hommes \u00e0 partir, le courage de ces hommes et femmes qui laissent tout derri\u00e8re eux et entament un voyage souvent difficile et dangereux, avec pour unique destination: l\u2019inconnu\u2026.<br \/>\nJ\u2019\u00e9voquerai les difficult\u00e9s rencontr\u00e9es \u00e0 l\u2019arriv\u00e9e sur une nouvelle terre: la pauvret\u00e9, l\u2019exclusion, le d\u00e9senchantement, et tout ce qu\u2019implique l\u2019immersion dans une nouvelle culture.<br \/>\nCar de la diff\u00e9rence peut naitre tant de choses\u2026 du partage au rejet, de la curiosit\u00e9 \u00e0 la peur, du m\u00e9lange \u00e0 l\u2019exclusion, de l\u2019ouverture \u00e0 l\u2019intol\u00e9rance, il n\u2019y a qu\u2019un pas\u2026<\/span><\/p>\n<p class=\"p2\"><span class=\"s2\" style=\"color: #000000;\"><b>Parle-nous d\u2019amour<\/b><br \/>\nDonn\u00e9 \u00e0 l\u2019occasion de la Saint-Valentin.<\/span><\/p>\n<p class=\"p2\"><span class=\"s2\" style=\"color: #000000;\"><b>La femme et Georges Sand<\/b><br \/>\nR\u00e9cital donn\u00e9 \u00e0 l\u2019occasion de la journ\u00e9e de la femme \u00e0 Montreuil Juign\u00e9 (49).<\/span><\/p>\n<p class=\"p2\"><span class=\"s2\" style=\"color: #000000;\"><b>Le jazz et la java<\/b><br \/>\nGrands standards de la chanson fran\u00e7aise re-swingu\u00e9s (Premi\u00e8res parties au Petit Journal de Montparnasse)<\/span><\/p>\n<\/td>\n<\/tr>\n<\/tbody>\n<\/table>\n<h2><\/h2>\n<hr \/>\n<h2 class=\"p2\"><span class=\"s2\" style=\"color: #000000;\">CLE EN MAIN<\/span><\/h2>\n<table class=\"t1\" cellspacing=\"0\" cellpadding=\"0\">\n<tbody>\n<tr>\n<td class=\"td2\" valign=\"middle\">\n<p class=\"p15\"><span class=\"s2\" style=\"color: #000000;\">Selon l\u2019\u00e9v\u00e9nement que vous souhaitez organiser, je vous propose une prestation sur mesure correspondant \u00e0 vos attentes, en terme de dur\u00e9e et de r\u00e9pertoire.<\/span><\/p>\n<\/td>\n<\/tr>\n<tr>\n<td class=\"td2\" valign=\"middle\">\n<p class=\"p15\"><span class=\"s2\" style=\"color: #000000;\">Id\u00e9al pour les animations de repas, cocktails, f\u00eates communales, etc\u2026<\/span><\/p>\n<\/td>\n<\/tr>\n<\/tbody>\n<\/table>\n<h2><\/h2>\n<hr \/>\n<h2 class=\"p2\"><span class=\"s2\" style=\"color: #000000;\">MES COMPOSITIONS<\/span><\/h2>\n<p class=\"p16\"><span class=\"s2\" style=\"color: #000000;\">C&rsquo;est ici!\u00a0<a style=\"color: #000000;\" href=\"http:\/\/www.carine-achard.com\/\"><span class=\"s3\">http:\/\/www.carine-achard.com<\/span><\/a><\/span><\/p>\n","protected":false},"excerpt":{"rendered":"<p>ANIMATIONS PIANO-VOIX (quelques chansons \u00e0 la guitare) R\u00e9pertoire de chanson et vari\u00e9t\u00e9 fran\u00e7aise des ann\u00e9es 60 aux ann\u00e9es 2000. Je chante en m&rsquo;accompagnant au piano et \u00e0 la guitare alternant musiques festives et grands classiques&#8230;<\/p>\n<p>\t<a href=\"https:\/\/www.piano-voix.com\/site\/prestations\/\" class=\"more-link\">Read more<\/a><\/p>\n","protected":false},"author":1,"featured_media":0,"parent":0,"menu_order":0,"comment_status":"closed","ping_status":"closed","template":"","meta":{"footnotes":""},"class_list":["post-101","page","type-page","status-publish","hentry"],"_links":{"self":[{"href":"https:\/\/www.piano-voix.com\/site\/wp-json\/wp\/v2\/pages\/101"}],"collection":[{"href":"https:\/\/www.piano-voix.com\/site\/wp-json\/wp\/v2\/pages"}],"about":[{"href":"https:\/\/www.piano-voix.com\/site\/wp-json\/wp\/v2\/types\/page"}],"author":[{"embeddable":true,"href":"https:\/\/www.piano-voix.com\/site\/wp-json\/wp\/v2\/users\/1"}],"replies":[{"embeddable":true,"href":"https:\/\/www.piano-voix.com\/site\/wp-json\/wp\/v2\/comments?post=101"}],"version-history":[{"count":49,"href":"https:\/\/www.piano-voix.com\/site\/wp-json\/wp\/v2\/pages\/101\/revisions"}],"predecessor-version":[{"id":1044,"href":"https:\/\/www.piano-voix.com\/site\/wp-json\/wp\/v2\/pages\/101\/revisions\/1044"}],"wp:attachment":[{"href":"https:\/\/www.piano-voix.com\/site\/wp-json\/wp\/v2\/media?parent=101"}],"curies":[{"name":"wp","href":"https:\/\/api.w.org\/{rel}","templated":true}]}}