
{"id":93,"date":"2014-07-09T01:21:34","date_gmt":"2014-07-09T00:21:34","guid":{"rendered":"http:\/\/www.piano-voix.com\/site\/?page_id=93"},"modified":"2025-09-02T15:45:52","modified_gmt":"2025-09-02T14:45:52","slug":"videos","status":"publish","type":"page","link":"https:\/\/www.piano-voix.com\/site\/videos\/","title":{"rendered":"Videos"},"content":{"rendered":"<h1><\/h1>\n<p><iframe loading=\"lazy\" title=\"Extraits du spectacle \u00ab\u00a0Exils\u00a0\u00bb (m\u00e9diath\u00e8que de Saran, 08\/03\/19)\" width=\"500\" height=\"281\" src=\"https:\/\/www.youtube.com\/embed\/2BW_HTuqkGc?feature=oembed\" frameborder=\"0\" allow=\"accelerometer; autoplay; clipboard-write; encrypted-media; gyroscope; picture-in-picture; web-share\" referrerpolicy=\"strict-origin-when-cross-origin\" allowfullscreen><\/iframe><\/p>\n<p><iframe loading=\"lazy\" title=\"Spectacles piano-voix\" width=\"500\" height=\"281\" src=\"https:\/\/www.youtube.com\/embed\/hL7NbV2N3co?feature=oembed\" frameborder=\"0\" allow=\"accelerometer; autoplay; clipboard-write; encrypted-media; gyroscope; picture-in-picture; web-share\" referrerpolicy=\"strict-origin-when-cross-origin\" allowfullscreen><\/iframe><\/p>\n<p><iframe loading=\"lazy\" title=\"Duo vari\u00e9t\u00e9 fran\u00e7aise\" width=\"500\" height=\"281\" src=\"https:\/\/www.youtube.com\/embed\/TXCLeYH7IVI?feature=oembed\" frameborder=\"0\" allow=\"accelerometer; autoplay; clipboard-write; encrypted-media; gyroscope; picture-in-picture; web-share\" referrerpolicy=\"strict-origin-when-cross-origin\" allowfullscreen><\/iframe><\/p>\n<p><iframe loading=\"lazy\" title=\"Ballade de chez Tao, hommage au grand Jacques Higelin\" width=\"500\" height=\"281\" src=\"https:\/\/www.youtube.com\/embed\/OGWIRqJl0uo?feature=oembed\" frameborder=\"0\" allow=\"accelerometer; autoplay; clipboard-write; encrypted-media; gyroscope; picture-in-picture; web-share\" referrerpolicy=\"strict-origin-when-cross-origin\" allowfullscreen><\/iframe><\/p>\n<p><iframe loading=\"lazy\" title=\"Spectacle &quot;Exils&quot;, reportage sur BIP TV\" width=\"500\" height=\"281\" src=\"https:\/\/www.youtube.com\/embed\/DTJ_NFs9v94?feature=oembed\" frameborder=\"0\" allow=\"accelerometer; autoplay; clipboard-write; encrypted-media; gyroscope; picture-in-picture; web-share\" referrerpolicy=\"strict-origin-when-cross-origin\" allowfullscreen><\/iframe><\/p>\n<p><iframe loading=\"lazy\" title=\"Spectacle &quot;la bo\u00eete \u00e0 r\u00eaves&quot;\" width=\"500\" height=\"281\" src=\"https:\/\/www.youtube.com\/embed\/1n2KSj7zDN8?feature=oembed\" frameborder=\"0\" allow=\"accelerometer; autoplay; clipboard-write; encrypted-media; gyroscope; picture-in-picture; web-share\" referrerpolicy=\"strict-origin-when-cross-origin\" allowfullscreen><\/iframe><\/p>\n","protected":false},"excerpt":{"rendered":"","protected":false},"author":1,"featured_media":0,"parent":0,"menu_order":0,"comment_status":"closed","ping_status":"closed","template":"","meta":{"footnotes":""},"class_list":["post-93","page","type-page","status-publish","hentry"],"_links":{"self":[{"href":"https:\/\/www.piano-voix.com\/site\/wp-json\/wp\/v2\/pages\/93"}],"collection":[{"href":"https:\/\/www.piano-voix.com\/site\/wp-json\/wp\/v2\/pages"}],"about":[{"href":"https:\/\/www.piano-voix.com\/site\/wp-json\/wp\/v2\/types\/page"}],"author":[{"embeddable":true,"href":"https:\/\/www.piano-voix.com\/site\/wp-json\/wp\/v2\/users\/1"}],"replies":[{"embeddable":true,"href":"https:\/\/www.piano-voix.com\/site\/wp-json\/wp\/v2\/comments?post=93"}],"version-history":[{"count":14,"href":"https:\/\/www.piano-voix.com\/site\/wp-json\/wp\/v2\/pages\/93\/revisions"}],"predecessor-version":[{"id":1048,"href":"https:\/\/www.piano-voix.com\/site\/wp-json\/wp\/v2\/pages\/93\/revisions\/1048"}],"wp:attachment":[{"href":"https:\/\/www.piano-voix.com\/site\/wp-json\/wp\/v2\/media?parent=93"}],"curies":[{"name":"wp","href":"https:\/\/api.w.org\/{rel}","templated":true}]}}

<h1></h1>
<p><iframe loading="lazy" title="Extraits du spectacle « Exils » (médiathèque de Saran, 08/03/19)" width="500" height="281" src="https://www.youtube.com/embed/2BW_HTuqkGc?feature=oembed" frameborder="0" allow="accelerometer; autoplay; clipboard-write; encrypted-media; gyroscope; picture-in-picture; web-share" referrerpolicy="strict-origin-when-cross-origin" allowfullscreen></iframe></p>
<p><iframe loading="lazy" title="Spectacles piano-voix" width="500" height="281" src="https://www.youtube.com/embed/hL7NbV2N3co?feature=oembed" frameborder="0" allow="accelerometer; autoplay; clipboard-write; encrypted-media; gyroscope; picture-in-picture; web-share" referrerpolicy="strict-origin-when-cross-origin" allowfullscreen></iframe></p>
<p><iframe loading="lazy" title="Duo variété française" width="500" height="281" src="https://www.youtube.com/embed/TXCLeYH7IVI?feature=oembed" frameborder="0" allow="accelerometer; autoplay; clipboard-write; encrypted-media; gyroscope; picture-in-picture; web-share" referrerpolicy="strict-origin-when-cross-origin" allowfullscreen></iframe></p>
<p><iframe loading="lazy" title="Ballade de chez Tao, hommage au grand Jacques Higelin" width="500" height="281" src="https://www.youtube.com/embed/OGWIRqJl0uo?feature=oembed" frameborder="0" allow="accelerometer; autoplay; clipboard-write; encrypted-media; gyroscope; picture-in-picture; web-share" referrerpolicy="strict-origin-when-cross-origin" allowfullscreen></iframe></p>
<p><iframe loading="lazy" title="Spectacle &quot;Exils&quot;, reportage sur BIP TV" width="500" height="281" src="https://www.youtube.com/embed/DTJ_NFs9v94?feature=oembed" frameborder="0" allow="accelerometer; autoplay; clipboard-write; encrypted-media; gyroscope; picture-in-picture; web-share" referrerpolicy="strict-origin-when-cross-origin" allowfullscreen></iframe></p>
<p><iframe loading="lazy" title="Spectacle &quot;la boîte à rêves&quot;" width="500" height="281" src="https://www.youtube.com/embed/1n2KSj7zDN8?feature=oembed" frameborder="0" allow="accelerometer; autoplay; clipboard-write; encrypted-media; gyroscope; picture-in-picture; web-share" referrerpolicy="strict-origin-when-cross-origin" allowfullscreen></iframe></p>
